s + 89887. Determine q(66).
-5
Let u(o) = -o**2 - 2248*o + 339426. Determine u(142).
46
Let i(u) = -323*u + 15407. Calculate i(44).
1195
Let n(s) = -2*s**2 - 235*s - 6514. What is n(-48)?
158
Let p(c) = -33*c**3 + c**2 + 1272*c - 1275. Calculate p(1).
-35
Let h(u) = -293*u - 18505. What is h(-65)?
540
Let t(p) = -18*p**3 - 4*p**2 - 335*p - 986. What is t(-3)?
469
Let z(u) = 2*u**3 + 658*u**2 + 656*u - 1. What is z(-1)?
-1
Let s(c) = -c**3 - 27*c**2 + 7323*c - 87301. Give s(65).
-6
Let b(o) = -171030*o + 2394413. Determine b(14).
-7
Let z(o) = 2*o**3 + 32*o**2 - 50*o - 559. Determine z(-16).
241
Let w(x) = 7*x**3 + 98*x**2 - 182*x - 2544. Calculate w(-14).
4
Let a(k) = -2*k**3 + 116*k**2 + 106*k + 4. Determine a(59).
-704
Let z(k) = k**3 + 5*k**2 - 336*k - 61. Determine z(-21).
-61
Let l(x) = 122977*x + 1106803. What is l(-9)?
10
Let h(t) = 5*t**2 + 597*t - 1385089. Determine h(470).
1
Let d(i) = -25*i**2 + 1396*i - 733. Give d(56).
-957
Let h(r) = r**3 - 110*r**2 + 140*r - 2820. Calculate h(109).
559
Let d(x) = 78*x + 1071. Give d(-17).
-255
Let o(h) = 234012*h - 18954966. What is o(81)?
6
Let g(i) = -3596*i + 3700356. Calculate g(1029).
72
Let c(r) = 1037*r + 12097. Give c(-13).
-1384
Let j(s) = 2*s**2 - 1198*s + 12975. Calculate j(11).
39
Let m(j) = 3*j**2 - 1954*j + 23005. Calculate m(12).
-11
Let v(r) = -534*r - 3084. Calculate v(-7).
654
Let k(n) = -19*n**2 - 10384*n - 91910. Give k(-9).
7
Let a(y) = -3*y**3 - 22*y**2 + 202*y - 89. Calculate a(-12).
-497
Let v(t) = t**3 + 29*t**2 + 435*t + 11321. What is v(-28)?
-75
Let y(v) = 1368*v**3 + 93025*v**2 + 67*v - 62. Calculate y(-68).
6
Let n(p) = -142*p**2 - 934*p - 29. Calculate n(-7).
-449
Let p(k) = k**2 - 34*k + 710. Calculate p(31).
617
Let g(j) = j**2 + 521*j + 11477. Determine g(-23).
23
Let c(v) = 1503*v**2 + 4519*v - 5. What is c(-3)?
-35
Let y(v) = -47*v - 3677. Calculate y(-78).
-11
Let x(s) = -962*s - 54106. Give x(-57).
728
Let u(s) = 20335*s + 183042. What is u(-9)?
27
Let s(t) = -t**3 + 18*t**2 + 25*t - 911. What is s(16)?
1
Let a(f) = -12*f**3 - 624*f**2 - 9*f - 355. What is a(-52)?
113
Let a(f) = 10*f**2 - 49*f - 2. What is a(10)?
508
Let l(p) = -23085*p - 1523596. Give l(-66).
14
Let i(y) = 9*y**3 - 331*y**2 + 884*y - 552. Determine i(1).
10
Let g(t) = 22*t**2 + 1424*t - 1884. What is g(-66)?
-36
Let u(d) = 1835*d + 126675. Give u(-69).
60
Let t(j) = 2*j**3 - 188*j**2 - 46*j + 4250. Give t(94).
-74
Let q(f) = -883*f + 178370. Calculate q(202).
4
Let o(l) = 17*l**3 + 40*l**2 - 49*l - 194. Determine o(-4).
-446
Let o(p) = -p**3 - 13*p**2 + 139*p + 61. Give o(-19).
-414
Let o(t) = 2*t**3 - 1462*t**2 - 4467*t + 46226. Calculate o(734).
-16
Let l(i) = -4691*i - 37854. Give l(-8).
-326
Let h(k) = -159791*k + 11025542. What is h(69)?
-37
Let v(f) = f**2 + 76*f + 975. Calculate v(-63).
156
Let h(s) = s**3 - 2735*s**2 + 16385*s + 1. Give h(6).
67
Let m(j) = -4140*j + 40632. Determine m(10).
-768
Let p(l) = 237*l**2 - 18273*l - 153. Calculate p(77).
-2001
Let q(m) = -m**3 + 34*m**2 - 100*m - 11. Determine q(30).
589
Let a(h) = 8*h**2 - 208*h - 28. Calculate a(25).
-228
Let o(s) = -121*s**3 + 7*s**2 - 12*s + 6. Determine o(2).
-958
Let g(b) = -30*b**2 + 259*b + 45. Determine g(5).
590
Let f(k) = -k**3 + 20*k**2 + 710*k + 54. What is f(-17)?
-1323
Let g(z) = 867*z - 46847. Calculate g(54).
-29
Let j(q) = q**3 + 47*q**2 + 392*q + 10. Calculate j(-38).
-1890
Let n(r) = -r**2 + 906*r + 24874. Calculate n(-27).
-317
Let m(x) = -2*x**2 - 242*x - 2677. Give m(-11).
-257
Let l(a) = -40*a**2 + 587*a - 1925. Give l(5).
10
Let n(d) = 3462*d + 30988. Give n(-9).
-170
Let b(p) = -25*p**2 - 121*p + 368. Calculate b(3).
-220
Let h(u) = -202*u + 43416. Give h(215).
-14
Let d(m) = -2*m**2 - 29*m + 27. Give d(-22).
-303
Let t(m) = m**2 + 5450*m - 425373. Calculate t(77).
206
Let i(n) = 75106*n + 1126780. What is i(-15)?
190
Let a(n) = -1488*n - 26715. Calculate a(-18).
69
Let v(t) = -9*t**2 - 1342*t + 1346. Give v(1).
-5
Let b(g) = -226467*g - 15852690. Give b(-70).
0
Let p(l) = -l**3 + 61*l**2 - 248*l + 684. Determine p(57).
-456
Let v(n) = 6*n**3 - 414*n**2 - 6444*n - 609. What is v(-13)?
15
Let c(f) = -1021*f - 132722. What is c(-130)?
8
Let z(o) = -4*o**3 + 2*o**2 - 25*o + 33. Give z(4).
-291
Let d(v) = -v**3 - 38*v**2 + 939*v - 1198. What is d(16)?
2
Let x(y) = y**3 + 258*y**2 + 2928*y + 36. Calculate x(-12).
324
Let l(s) = -5*s**2 + 204*s - 1787. Determine l(14).
89
Let c(h) = 1227*h + 1247. Give c(-1).
20
Let p(t) = 2549*t**2 - 122352*t - 15. Determine p(48).
-15
Let l(t) = -2*t**3 + 3*t**2 + 938*t + 3644. Give l(-4).
68
Let u(d) = -2784*d + 16224. What is u(7)?
-3264
Let s(q) = -7*q**2 - 75*q + 356. Calculate s(10).
-1094
Let s(l) = -358*l - 21456. Determine s(-63).
1098
Let l(c) = 31716*c - 539155. Calculate l(17).
17
Let o(b) = -3*b**3 + 7*b**2 + 46*b - 38. Calculate o(5).
-8
Let u(s) = s**3 + 134*s**2 - 25*s + 14821. What is u(-135)?
-29
Let n(y) = y**3 + 713*y**2 + 13336*y - 10463. Give n(-20).
17
Let o(g) = -g**2 + 2229*g - 46421. Determine o(21).
-53
Let c(k) = 2*k**3 - 8*k**2 + 99*k - 652. Give c(7).
335
Let x(b) = -15*b**3 + 2940*b**2 + 25*b - 4904. Calculate x(196).
-4
Let o(v) = -2698*v + 83636. Calculate o(31).
-2
Let t(s) = 3436*s + 24078. Give t(-7).
26
Let g(v) = 10277*v**2 - 10266*v - 9. Calculate g(1).
2
Let l(b) = 93228*b - 1118740. Give l(12).
-4
Let b(w) = 627*w - 1483. Determine b(6).
2279
Let f(h) = h**3 - 667*h**2 + 4630*h - 72. Give f(7).
-2
Let r(j) = 38*j**2 + 198*j + 587. Calculate r(-3).
335
Let w(i) = -5192*i + 2715459. Give w(523).
43
Let f(b) = 6*b**2 - 50*b - 326. Determine f(-10).
774
Let g(y) = -811*y + 2476. What is g(3)?
43
Let o(q) = -46955*q - 46930. Determine o(-1).
25
Let l(y) = 23360*y + 45486. Calculate l(-2).
-1234
Let x(n) = -n**2 + 92*n + 4029. Calculate x(-40).
-1251
Let b(x) = x**2 - 1243*x - 16334. What is b(-13)?
-6
Let b(l) = -304025*l + 3952332. What is b(13)?
7
Let l(z) = -3*z**2 - 168*z + 1185. What is l(-62)?
69
Let q(p) = -40226*p - 201116. Determine q(-5).
14
Let v(x) = x**3 - 8*x**2 - 12*x + 23. What is v(5)?
-112
Let r(m) = -5*m**2 - 165*m + 286. Give r(-35).
-64
Let s(n) = -39*n**2 - 46*n + 79. What is s(-2)?
15
Let i(q) = -150*q - 13015. What is i(-83)?
-565
Let c(q) = -3116*q - 884945. Give c(-284).
-1
Let z(f) = -5*f**2 - 5252*f - 12577. Calculate z(-1048).
-1
Let m(h) = 1349*h**2 - 84941*h - 2893. Give m(63).
5
Let d(j) = 2*j**3 - 2*j**2 - 985*j - 4604. Determine d(-5).
21
Let y(h) = -h**3 + 122*h**2 - 93*h - 5558. Calculate y(121).
-2170
Let a(i) = -854*i - 78675. What is a(-92)?
-107
Let d(k) = k**2 + 2863*k + 107384. What is d(-38)?
34
Let h(n) = 1023*n - 5674. What is h(6)?
464
Let b(i) = 221*i**2 + 1160*i + 1157. What is b(-1)?
218
Let k(f) = 20871*f - 396615. Calculate k(19).
-66
Let g(n) = -n**3 + 21*n**2 + 122*n + 92. Give g(23).
1840
Let x(z) = 115*z**2 - 15863*z - 965. Calculate x(138).
1
Let u(z) = -128*z**3 - 10*z**2 - 794*z + 797. Calculate u(1).
-135
Let i(l) = 9*l**3 - 2*l**2 + 36*l + 117. Calculate i(-6).
-2115
Let b(h) = 231*h + 13449. What is b(-56)?
513
Let w(y) = 23158*y + 17817. Give w(-1).
-5341
Let k(n) = 1131563*n - 9052504. Determine k(8).
0
Let w(v) = -7*v**2 + 14304*v - 14305. Calculate w(1).
-8
Let j(t) = -241*t**2 + 65550*t + 427. What is j(272)?
-117
Let q(n) = -11*n**3 - 70*n**2 + 23*n + 32. Give q(-6).
-250
Let q(v) = -v**3 + 41*v**2 - 163*v + 5647. Give q(41).
-1036
Let n(j) = -13*j**2 + 2489*j - 1136. What is n(191)?
10
Let q(f) = f**3 - 133*f**2 - 929*f - 547. What is q(140)?
6593
Let n(h) = -1154*h + 506695. What is n(440)?
-1065
Let r(x) = -2425*x - 9341. What is r(-5)?
2784
Let w(k) = 3*k**3 + 44*k**2 + 141*k + 16. Calculate w(-5).
36
Let y(k) = -23*k**2 - 1410*k - 172. Determine y(-60).
1628
Let l(c) = 17*c**3 - 51*c**2 - 299*c + 10. What is l(-6)?
-3704
Let q(f) = f**3 + 468*f**2 - 12347*f + 543. Determine q(25).
-7
Let p(m) = -5*m**2 - 2042*m - 136237. What is p(-84)?
11
Let r(j) = 297*j + 3690. Determine r(-12).
126
Let q(c) = 8148*c + 73446. Give q(-9).
114
Let i(n) = 20*n**2 - 2010*n + 4911. Determine i(98).
11
Let u(z) = -z**2 + 886*z - 21519. Give u(25).
6
Let r(u) = -1185*u - 46257. Give r(-39).
-42
Let p(z) = z**2 + 3800*z - 34451. Calculate p(9).
-170
Let h(l) = -14660*l + 249210. 